{"id":1025,"date":"2023-03-28T09:21:02","date_gmt":"2023-03-28T09:21:02","guid":{"rendered":"https:\/\/sandy-blondin.fr\/?page_id=1025"},"modified":"2023-11-29T10:01:11","modified_gmt":"2023-11-29T10:01:11","slug":"partenaires","status":"publish","type":"page","link":"https:\/\/sandy-blondin.fr\/?page_id=1025","title":{"rendered":"Partenaires"},"content":{"rendered":"<p>[et_pb_section fb_built=\u00a0\u00bb1&Prime; _builder_version=\u00a0\u00bb4.20.2&Prime; _module_preset=\u00a0\u00bbdefault\u00a0\u00bb global_colors_info=\u00a0\u00bb{}\u00a0\u00bb][et_pb_row column_structure=\u00a0\u00bb2_5,3_5&Prime; _builder_version=\u00a0\u00bb4.20.2&Prime; _module_preset=\u00a0\u00bbdefault\u00a0\u00bb global_colors_info=\u00a0\u00bb{}\u00a0\u00bb][et_pb_column type=\u00a0\u00bb2_5&Prime; _builder_version=\u00a0\u00bb4.20.2&Prime; _module_preset=\u00a0\u00bbdefault\u00a0\u00bb global_colors_info=\u00a0\u00bb{}\u00a0\u00bb][et_pb_team_member image_url=\u00a0\u00bbhttps:\/\/sandy-blondin.fr\/wp-content\/uploads\/2023\/03\/EP.jpg\u00a0\u00bb _builder_version=\u00a0\u00bb4.20.2&Prime; _module_preset=\u00a0\u00bbdefault\u00a0\u00bb global_colors_info=\u00a0\u00bb{}\u00a0\u00bb][\/et_pb_team_member][\/et_pb_column][et_pb_column type=\u00a0\u00bb3_5&Prime; _builder_version=\u00a0\u00bb4.20.2&Prime; _module_preset=\u00a0\u00bbdefault\u00a0\u00bb global_colors_info=\u00a0\u00bb{}\u00a0\u00bb][et_pb_text _builder_version=\u00a0\u00bb4.23.1&Prime; _module_preset=\u00a0\u00bbdefault\u00a0\u00bb inline_fonts=\u00a0\u00bbQuattrocento\u00a0\u00bb global_colors_info=\u00a0\u00bb{}\u00a0\u00bb]<\/p>\n<h4 style=\"text-align: center;\"><span style=\"color: #993300; font-family: Quattrocento; font-weight: normal;\"><strong>Elodie Pyanet &#8211; Di\u00e9t\u00e9ticienne Nutritionniste<\/strong><\/span><\/h4>\n<p><span style=\"font-family: Quattrocento; font-weight: normal;\"><strong><\/strong><\/span><\/p>\n<p><span style=\"font-family: Quattrocento; font-weight: normal;\">J\u2019ai exerc\u00e9 le m\u00e9tier de pr\u00e9paratrice en pharmacie pendant 3 ans.<br \/>Je me suis sp\u00e9cialis\u00e9e dans la prise en charge des sportifs (pro et amateurs), des femmes enceintes et des troubles de la thyro\u00efde.<\/span><\/p>\n<p><span style=\"text-decoration: underline; font-family: Quattrocento; font-weight: normal;\"><strong>Mes outils :<\/strong><\/span><\/p>\n<p><span style=\"font-family: Quattrocento; font-weight: normal;\">&#8211; Un suivi nutritionnel<\/span><br \/><span style=\"font-family: Quattrocento; font-weight: normal;\">&#8211; Un bilan de micronutrition + des analyses biologiques sp\u00e9cifiques et un imp\u00e9dancem\u00e8tre pour l\u2019analyse de la composition corporelle.<\/span><\/p>\n<p><span style=\"text-decoration: underline; font-family: Quattrocento; font-weight: normal;\"><strong>Prise en charge \u00e0 mon cabinet :<br \/><\/strong><\/span><br \/><span style=\"font-family: Quattrocento; font-weight: normal;\">27 Route de Sirod \u2013 39300 SAPOIS Ou \u00e0 distance via la plateforme : Madietenligne<\/span><\/p>\n<p><span style=\"text-decoration: underline; font-family: Quattrocento; font-weight: normal;\"><strong>Coordonn\u00e9es :<br \/><\/strong><\/span><br \/><span style=\"font-family: Quattrocento; font-weight: normal;\"><a href=\"https:\/\/www.elodiepyanet-dieteticienne.fr\/\">elodiepyanet-dieteticienne.fr<\/a>\u00a0 \u00a0<\/span><\/p>\n<p><span style=\"color: #000000; font-family: Quattrocento; font-weight: normal;\"><a href=\"mailto:elodiepyanet.diet@gmail.com\" style=\"color: #000000;\">elodiepyanet.diet@gmail.com<\/a><\/span><\/p>\n<p><span style=\"color: #000000; font-family: Quattrocento; font-weight: normal;\">0<span role=\"gridcell\"><a class=\"x1i10hfl xjbqb8w x6umtig x1b1mbwd xaqea5y xav7gou x9f619 x1ypdohk xt0psk2 xe8uvvx xdj266r x11i5rnm xat24cr x1mh8g0r xexx8yu x4uap5 x18d9i69 xkhd6sd x16tdsg8 xggy1nq x1a2a7pz xt0b8zv x1heor9g x1bvjpef\" href=\"https:\/\/l.facebook.com\/l.php?u=http%3A%2F%2F6.42.67.65%2F%3Ffbclid%3DIwAR03okeiLcbwbP-nRUGEjL8L40EH1ISU78rme1EW97ewurYX4oYPGJjoAE4&amp;h=AT3VhveGUyoNuR5si3Cu3QRvW6_UnJn3VS94kjPLPEPT7HIqF_4Nky5r4dHTq2ir9iLRcv-dva8nTQj4nHN1aQ4asevs0bE7NhofwzH6o1C677z4o2cftt71A2ImXHtKJ-0RYdky6lX4fIEpdYE\" rel=\"nofollow noopener\" role=\"link\" target=\"_blank\" style=\"color: #000000;\" tabindex=\"-1\">6 42 67 65 <\/a><\/span>75<\/span><\/p>\n<p>[\/et_pb_text][\/et_pb_column][\/et_pb_row][et_pb_row column_structure=\u00a0\u00bb1_2,1_2&Prime; _builder_version=\u00a0\u00bb4.22.1&Prime; _module_preset=\u00a0\u00bbdefault\u00a0\u00bb global_colors_info=\u00a0\u00bb{}\u00a0\u00bb][et_pb_column type=\u00a0\u00bb1_2&Prime; _builder_version=\u00a0\u00bb4.22.1&Prime; _module_preset=\u00a0\u00bbdefault\u00a0\u00bb global_colors_info=\u00a0\u00bb{}\u00a0\u00bb][et_pb_text _builder_version=\u00a0\u00bb4.23.1&Prime; _module_preset=\u00a0\u00bbdefault\u00a0\u00bb text_font=\u00a0\u00bbQuattrocento||||||||\u00a0\u00bb min_height=\u00a0\u00bb382.4px\u00a0\u00bb inline_fonts=\u00a0\u00bbQuattrocento\u00a0\u00bb global_colors_info=\u00a0\u00bb{}\u00a0\u00bb]<\/p>\n<h4 style=\"text-align: center;\"><span style=\"font-family: Quattrocento; font-weight: normal;\"><span style=\"color: #993300;\"><strong>M\u00e9decins traitants, infirmiers, kin\u00e9sith\u00e9rapeutes&#8230;<\/strong><\/span><\/span><\/h4>\n<p><span style=\"font-family: Quattrocento; font-weight: normal;\"><span style=\"color: #000000;\"><\/span><\/span><\/p>\n<p>&nbsp;<\/p>\n<p style=\"text-align: justify;\"><strong><span style=\"color: #000000;\"><span style=\"font-family: Quattrocento; font-weight: normal;\">Je rencontre r\u00e9guli\u00e8rement des professionnels de sant\u00e9 proches de mon cabinet (m\u00e9decins g\u00e9n\u00e9ralistes, kin\u00e9s&#8230;) pour \u00e9changer entre professionnels de sant\u00e9 d&rsquo;un m\u00eame secteur g\u00e9ographique (La Rochette, Pontcharra, Allevard&#8230;)<\/span>.<\/span><\/strong><\/p>\n<p>[\/et_pb_text][\/et_pb_column][et_pb_column type=\u00a0\u00bb1_2&Prime; _builder_version=\u00a0\u00bb4.22.1&Prime; _module_preset=\u00a0\u00bbdefault\u00a0\u00bb global_colors_info=\u00a0\u00bb{}\u00a0\u00bb][et_pb_image src=\u00a0\u00bbhttps:\/\/sandy-blondin.fr\/wp-content\/uploads\/2023\/09\/meeting-2044759_1280.jpg\u00a0\u00bb title_text=\u00a0\u00bbmeeting-2044759_1280&Prime; _builder_version=\u00a0\u00bb4.22.1&Prime; _module_preset=\u00a0\u00bbdefault\u00a0\u00bb global_colors_info=\u00a0\u00bb{}\u00a0\u00bb][\/et_pb_image][\/et_pb_column][\/et_pb_row][et_pb_row column_structure=\u00a0\u00bb1_2,1_2&Prime; _builder_version=\u00a0\u00bb4.23.1&Prime; _module_preset=\u00a0\u00bbdefault\u00a0\u00bb global_colors_info=\u00a0\u00bb{}\u00a0\u00bb][et_pb_column type=\u00a0\u00bb1_2&Prime; _builder_version=\u00a0\u00bb4.23.1&Prime; _module_preset=\u00a0\u00bbdefault\u00a0\u00bb global_colors_info=\u00a0\u00bb{}\u00a0\u00bb][et_pb_image src=\u00a0\u00bbhttps:\/\/sandy-blondin.fr\/wp-content\/uploads\/2023\/11\/Laetitia-scaled.jpg\u00a0\u00bb _builder_version=\u00a0\u00bb4.23.1&Prime; _module_preset=\u00a0\u00bbdefault\u00a0\u00bb global_colors_info=\u00a0\u00bb{}\u00a0\u00bb][\/et_pb_image][\/et_pb_column][et_pb_column type=\u00a0\u00bb1_2&Prime; _builder_version=\u00a0\u00bb4.23.1&Prime; _module_preset=\u00a0\u00bbdefault\u00a0\u00bb global_colors_info=\u00a0\u00bb{}\u00a0\u00bb][et_pb_text _builder_version=\u00a0\u00bb4.23.1&Prime; _module_preset=\u00a0\u00bbdefault\u00a0\u00bb inline_fonts=\u00a0\u00bbQuattrocento\u00a0\u00bb global_colors_info=\u00a0\u00bb{}\u00a0\u00bb]<\/p>\n<h4 style=\"text-align: center;\"><strong><span style=\"font-family: Quattrocento;\"><span style=\"color: #993300;\">La\u00ebtitia LOPEZ PETIT, di\u00e9t\u00e9ticienne nutritionniste &#8211; Renage (38)<\/span><\/span><\/strong><\/h4>\n<p>&nbsp;<\/p>\n<div style=\"text-align: justify;\"><\/div>\n<div style=\"text-align: justify;\"><span style=\"font-family: Quattrocento; font-weight: normal;\"><\/span><\/div>\n<div style=\"text-align: justify;\"><span style=\"font-family: Quattrocento; font-weight: normal;\">D&rsquo;une nature toujours optimiste, je vous accompagne en toute bienveillance dans vos probl\u00e9matiques autour de l&rsquo;alimentation et de votre rapport \u00e0 l&rsquo;assiette.\u00a0<\/span><\/div>\n<div style=\"text-align: justify;\"><span style=\"font-family: Quattrocento; font-weight: normal;\">Utilisant les TCC et la th\u00e9rapie ACT, je vous aide \u00e0 retrouver confiance en vous, pour \u00e9tablir une relation saine \u00e0 l&rsquo;alimentation et retrouver le plaisir de manger en toute s\u00e9r\u00e9nit\u00e9 !<\/span><\/div>\n<div style=\"text-align: justify;\">\n<p><span style=\"font-family: Quattrocento; font-weight: normal;\"><u>Mes sp\u00e9cialit\u00e9s<\/u>\u00a0: di\u00e9t\u00e9tique psycho-comportementale, troubles f\u00e9minins (SOPK, endom\u00e9triose, m\u00e9nopause etc&#8230;), v\u00e9g\u00e9tarisme et flexitarisme, p\u00e9rinatalit\u00e9.<\/span><\/p>\n<p>Site internet : <a href=\"http:\/\/www.laetitia-diet-ethique.fr\/\" target=\"_blank\" data-saferedirecturl=\"https:\/\/www.google.com\/url?q=http:\/\/www.laetitia-diet-ethique.fr&amp;source=gmail&amp;ust=1699711263543000&amp;usg=AOvVaw0Ds50O7N_V58YreYPNwUMA\" rel=\"noopener\">www.laetitia-diet-ethique.fr<\/a><\/p>\n<\/div>\n<div style=\"text-align: justify;\"><span style=\"font-family: Quattrocento; font-weight: normal;\">Consultations au cabinet ou en t\u00e9l\u00e9consultations.\u00a0<\/span><\/div>\n<p>[\/et_pb_text][\/et_pb_column][\/et_pb_row][et_pb_row column_structure=\u00a0\u00bb1_2,1_2&Prime; _builder_version=\u00a0\u00bb4.23.1&Prime; _module_preset=\u00a0\u00bbdefault\u00a0\u00bb global_colors_info=\u00a0\u00bb{}\u00a0\u00bb][et_pb_column type=\u00a0\u00bb1_2&Prime; _builder_version=\u00a0\u00bb4.23.1&Prime; _module_preset=\u00a0\u00bbdefault\u00a0\u00bb global_colors_info=\u00a0\u00bb{}\u00a0\u00bb][et_pb_text _builder_version=\u00a0\u00bb4.23.1&Prime; _module_preset=\u00a0\u00bbdefault\u00a0\u00bb inline_fonts=\u00a0\u00bbQuattrocento\u00a0\u00bb global_colors_info=\u00a0\u00bb{}\u00a0\u00bb]<\/p>\n<h4 style=\"text-align: center;\"><span style=\"color: #993300;\">\u00a0<strong><span style=\"font-family: Quattrocento;\">Jean-Pierre Vitoux &#8211; Masseur-kin\u00e9sith\u00e9rapeute et Ost\u00e9opathe \u00e0 Chapareillan (38)<\/span><\/strong><\/span><\/h4>\n<p style=\"text-align: justify;\"><span style=\"color: #000000;\"><span>\u00a0<\/span><\/span><\/p>\n<p style=\"text-align: justify;\"><span style=\"color: #000000; font-family: Quattrocento; font-weight: normal;\">Lors d&rsquo;un Burn out ou d&rsquo;un \u00e9pisode de vie marqu\u00e9 par l&rsquo;\u00e9puisement, la sant\u00e9 mentale est vivement mise \u00e0 mal, le corps \u00e9galement. Le corps est m\u00eame souvent le premier t\u00e9moin de sympt\u00f4mes li\u00e9s \u00e0 l&rsquo;\u00e9puisement : rachialgies, c\u00e9phal\u00e9es, douleurs abdominales, sensation de gorge serr\u00e9e ou d&rsquo;oppression thoracique, crispation de la m\u00e2choire, etc&#8230;<\/span><\/p>\n<p style=\"text-align: justify;\"><span style=\"color: #000000; font-family: Quattrocento; font-weight: normal;\">L&rsquo;un des risques majeurs est la chronicit\u00e9 de ces sympt\u00f4mes : ils s&rsquo;installent, perdurent et s&rsquo;aggravent.\u00a0<\/span><\/p>\n<p style=\"text-align: justify;\"><span style=\"color: #000000; font-family: Quattrocento; font-weight: normal;\">La kin\u00e9sith\u00e9rapie et l&rsquo;ost\u00e9opathie sont des disciplines qui permettent entre autres de cibler et apaiser les sympt\u00f4mes physiques li\u00e9s \u00e0 une surcharge \u00e9motionnelle en passant par la relaxation du corps avec des techniques telles que :\u00a0<\/span><\/p>\n<p style=\"text-align: justify;\"><span style=\"color: #000000;\">&#8211; <span style=\"font-family: Quattrocento; font-weight: normal;\">Massages \u00e0 vis\u00e9e th\u00e9rapeutique et\/ou d\u00e9tente-bien \u00eatre dans le domaine de la kin\u00e9sith\u00e9rapie<\/span><\/span><\/p>\n<div style=\"text-align: justify;\"><span style=\"color: #000000;\"><span style=\"font-family: Quattrocento; font-weight: normal;\">-Techniques cr\u00e2niennes \u00e0 vis\u00e9e th\u00e9rapeutique et\/ou relaxante dans le domaine de l&rsquo;osth\u00e9opathie.<\/span>\u00a0<br \/><span style=\"font-family: Quattrocento; font-weight: normal;\">Ces s\u00e9ances peuvent aider \u00e0 prendre conscience des manques et des \u00ab\u00a0trop pleins\u00a0\u00bb qui surchargent le mental et induisent souvent une somatisation n\u00e9gative.<\/span><br \/><\/span><\/div>\n<p>[\/et_pb_text][\/et_pb_column][et_pb_column type=\u00a0\u00bb1_2&Prime; _builder_version=\u00a0\u00bb4.23.1&Prime; _module_preset=\u00a0\u00bbdefault\u00a0\u00bb global_colors_info=\u00a0\u00bb{}\u00a0\u00bb][et_pb_image src=\u00a0\u00bbhttps:\/\/sandy-blondin.fr\/wp-content\/uploads\/2023\/11\/JPV.jpg\u00a0\u00bb title_text=\u00a0\u00bbJPV\u00a0\u00bb _builder_version=\u00a0\u00bb4.23.1&Prime; _module_preset=\u00a0\u00bbdefault\u00a0\u00bb global_colors_info=\u00a0\u00bb{}\u00a0\u00bb][\/et_pb_image][\/et_pb_column][\/et_pb_row][et_pb_row column_structure=\u00a0\u00bb1_2,1_2&Prime; _builder_version=\u00a0\u00bb4.23.1&Prime; _module_preset=\u00a0\u00bbdefault\u00a0\u00bb global_colors_info=\u00a0\u00bb{}\u00a0\u00bb][et_pb_column type=\u00a0\u00bb1_2&Prime; _builder_version=\u00a0\u00bb4.23.1&Prime; _module_preset=\u00a0\u00bbdefault\u00a0\u00bb global_colors_info=\u00a0\u00bb{}\u00a0\u00bb][et_pb_image src=\u00a0\u00bbhttps:\/\/sandy-blondin.fr\/wp-content\/uploads\/2023\/11\/attachment1701182156974-scaled.jpg\u00a0\u00bb _builder_version=\u00a0\u00bb4.23.1&Prime; _module_preset=\u00a0\u00bbdefault\u00a0\u00bb hover_enabled=\u00a0\u00bb0&Prime; sticky_enabled=\u00a0\u00bb0&Prime;][\/et_pb_image][\/et_pb_column][et_pb_column type=\u00a0\u00bb1_2&Prime; _builder_version=\u00a0\u00bb4.23.1&Prime; _module_preset=\u00a0\u00bbdefault\u00a0\u00bb global_colors_info=\u00a0\u00bb{}\u00a0\u00bb][et_pb_text _builder_version=\u00a0\u00bb4.23.1&Prime; _module_preset=\u00a0\u00bbdefault\u00a0\u00bb hover_enabled=\u00a0\u00bb0&Prime; sticky_enabled=\u00a0\u00bb0&Prime; inline_fonts=\u00a0\u00bbQuattrocento\u00a0\u00bb]<\/p>\n<h4 style=\"text-align: center;\"><span style=\"color: #993300;\"><strong><span style=\"font-family: Quattrocento;\">Symbiose &#8211; Dispositif d&rsquo;aide \u00e0 domicile dans la vall\u00e9e du Gr\u00e9sivaudan<\/span><\/strong><\/span><\/h4>\n<p style=\"text-align: justify;\"><span style=\"color: #000000; font-family: Quattrocento; font-weight: normal;\"><\/span><\/p>\n<p style=\"text-align: justify;\"><span style=\"color: #000000; font-family: Quattrocento;\">Les aidants familiaux ont parfois besoin d&rsquo;aide pour les soulager dans la gestion du quotidien de leur(s) proche(s) et leur \u00e9viter l&rsquo;\u00e9puisement.<\/span><br \/><span style=\"color: #000000; font-family: Quattrocento; font-weight: normal;\">L&rsquo;\u00e9quipe Symbiose propose des services adapt\u00e9s au maintien \u00e0 domicile et au r\u00e9pit des aidant familiaux.<\/span><\/p>\n<p>[\/et_pb_text][\/et_pb_column][\/et_pb_row][\/et_pb_section]<\/p>\n","protected":false},"excerpt":{"rendered":"<p>Elodie Pyanet &#8211; Di\u00e9t\u00e9ticienne Nutritionniste J\u2019ai exerc\u00e9 le m\u00e9tier de pr\u00e9paratrice en pharmacie pendant 3 ans.Je me suis sp\u00e9cialis\u00e9e dans la prise en charge des sportifs (pro et amateurs), des femmes enceintes et des troubles de la thyro\u00efde. Mes outils : &#8211; Un suivi nutritionnel- Un bilan de micronutrition + des analyses biologiques sp\u00e9cifiques et [&hellip;]<\/p>\n","protected":false},"author":1,"featured_media":0,"parent":0,"menu_order":0,"comment_status":"closed","ping_status":"closed","template":"","meta":{"_et_pb_use_builder":"on","_et_pb_old_content":"","_et_gb_content_width":"","footnotes":""},"class_list":["post-1025","page","type-page","status-publish","hentry"],"_links":{"self":[{"href":"https:\/\/sandy-blondin.fr\/index.php?rest_route=\/wp\/v2\/pages\/1025","targetHints":{"allow":["GET"]}}],"collection":[{"href":"https:\/\/sandy-blondin.fr\/index.php?rest_route=\/wp\/v2\/pages"}],"about":[{"href":"https:\/\/sandy-blondin.fr\/index.php?rest_route=\/wp\/v2\/types\/page"}],"author":[{"embeddable":true,"href":"https:\/\/sandy-blondin.fr\/index.php?rest_route=\/wp\/v2\/users\/1"}],"replies":[{"embeddable":true,"href":"https:\/\/sandy-blondin.fr\/index.php?rest_route=%2Fwp%2Fv2%2Fcomments&post=1025"}],"version-history":[{"count":19,"href":"https:\/\/sandy-blondin.fr\/index.php?rest_route=\/wp\/v2\/pages\/1025\/revisions"}],"predecessor-version":[{"id":1199,"href":"https:\/\/sandy-blondin.fr\/index.php?rest_route=\/wp\/v2\/pages\/1025\/revisions\/1199"}],"wp:attachment":[{"href":"https:\/\/sandy-blondin.fr\/index.php?rest_route=%2Fwp%2Fv2%2Fmedia&parent=1025"}],"curies":[{"name":"wp","href":"https:\/\/api.w.org\/{rel}","templated":true}]}}